the hundreds digit of 986351448?
4
What is the ten thousands digit of 226198477?
9
What is the hundreds digit of 39351259?
2
What is the hundred millions digit of 780605921?
7
What is the units digit of 133365010?
0
What is the thousands digit of 3501459086?
9
What is the hundreds digit of 683653606?
6
What is the units digit of 14483037?
7
What is the tens digit of 2461763437?
3
What is the thousands digit of 25226974?
6
What is the tens digit of 678716602?
0
What is the units digit of 119014881?
1
What is the millions digit of 4164735996?
4
What is the millions digit of 14677746?
4
What is the tens digit of 4423207854?
5
What is the units digit of 307031657?
7
What is the millions digit of 4883237009?
3
What is the millions digit of 31344211?
1
What is the ten millions digit of 44763405?
4
What is the ten thousands digit of 44833862?
3
What is the ten millions digit of 1766573229?
6
What is the ten thousands digit of 217225583?
2
What is the tens digit of 189854829?
2
What is the units digit of 16824295?
5
What is the hundred thousands digit of 352438718?
4
What is the thousands digit of 250570148?
0
What is the thousands digit of 791445838?
5
What is the thousands digit of 149184078?
4
What is the hundreds digit of 395139557?
5
What is the ten millions digit of 530901733?
3
What is the hundred thousands digit of 727602888?
6
What is the thousands digit of 44890409?
0
What is the units digit of 763610892?
2
What is the hundred thousands digit of 441470301?
4
What is the thousands digit of 35435510?
5
What is the tens digit of 82805518?
1
What is the hundred thousands digit of 1908570503?
5
What is the tens digit of 154245555?
5
What is the hundreds digit of 79721893?
8
What is the hundred millions digit of 6702325562?
7
What is the ten millions digit of 149245769?
4
What is the ten millions digit of 3416907684?
1
What is the hundreds digit of 1922035275?
2
What is the tens digit of 2601229829?
2
What is the units digit of 128159547?
7
What is the hundreds digit of 722445305?
3
What is the hundred thousands digit of 5371773989?
7
What is the ten millions digit of 49801931?
4
What is the hundreds digit of 64442283?
2
What is the ten thousands digit of 3461858062?
5
What is the tens digit of 48558240?
4
What is the hundred thousands digit of 1409994442?
9
What is the ten millions digit of 852784097?
5
What is the units digit of 206074898?
8
What is the hundred thousands digit of 347002460?
0
What is the hundred millions digit of 298264153?
2
What is the millions digit of 3315630310?
5
What is the units digit of 54174767?
7
What is the units digit of 13426000?
0
What is the thousands digit of 164191030?
1
What is the ten millions digit of 679199345?
7
What is the units digit of 23424327?
7
What is the tens digit of 8500144?
4
What is the hundreds digit of 946523085?
0
What is the billions digit of 4539541094?
4
What is the hundred thousands digit of 693286315?
2
What is the hundred millions digit of 109151814?
1
What is the ten thousands digit of 108155459?
5
What is the ten millions digit of 184910440?
8
What is the millions digit of 179628545?
9
What is the ten millions digit of 50228921?
5
What is the hundred thousands digit of 358762032?
7
What is the ten thousands digit of 1706181495?
8
What is the millions digit of 30874283?
0
What is the thousands digit of 1488152966?
2
What is the hundred thousands digit of 4951707670?
7
What is the millions digit of 63916479?
3
What is the millions digit of 249925632?
9
What is the hundred millions digit of 4992199007?
9
What is the ten millions digit of 412868849?
1
What is the ten millions digit of 303719958?
0
What is the ten thousands digit of 38981132?
8
What is the ten thousands digit of 3523668650?
6
What is the millions digit of 137701558?
7
What is the ten thousands digit of 282061011?
6
What is the ten millions digit of 3394722951?
9
What is the millions digit of 142446063?
2
What is the hundreds digit of 754620820?
8
What is the ten millions digit of 1459589371?
5
What is the thousands digit of 4603782142?
2
What is the millions digit of 608864648?
8
What is the thousands digit of 280493388?
3
What is the ten millions digit of 789503192?
8
What is the units digit of 346904674?
4
What is the thousands digit of 151295798?
5
What is the units digit of 523701490?
0
What is the thousands digit of 1052772794?
2
What is the tens digit of 610026649?
4
What is the hundred millions digit of 3393670708?
3
What is the thousands digit of 1185836659?
6
What is the thousands digit of 418448938?
8
What is the hundreds digit of 160170063?
0
What is the hundreds digit of 1240931176?
1
What is the hundred thousands digit of 30918328?
9
What is the ten thousands digit of 950756127?
5
What is the units digit of 1154930688?
8
What is the thousands digit of 751787842?
7
What is the units digit of 545397070?
0
What is the hundreds digit of 124072469?
4
What is the hundreds digit of 9626785613?
6
What is the units digit of 1062904850?
0
What is the units digit of 474496172?
2
What is the tens digit of 56740563?
6
What is the hundreds digit of 76487897?
8
What is the hundreds digit of 30158836?
8
What is the thousands digit of 1780566687?
6
What is the hundreds digit of 26433953?
9
What is the ten millions digit of 78140762?
7
What is the thousands digit of 2291270376?
0
What is the hundred thousands digit of 26424812?
4
What is the ten thousands digit of 3255960423?
6
What is the tens digit of 269667581?
8
What is the units digit of 292538730?
0
What is the hundred thousands digit of 17371532?
3
What is the ten thousands digit of 1369212103?
1
What is the units digit of 3863824321?
1
What is the hundreds digit of 66007970?
9
What is the ten millions digit of 56959771?
5
What is the tens digit of 177861499?
9
What is the ten thousands digit of 363389609?
8
What is the units digit of 76940087?
7
What is the units digit of 26049942?
2
What is the tens digit of 527101646?
4
What is the hundreds digit of 79468319?
3
What is the millions digit of 98736155?
8
What is the thousands digit of 25767821?
7
What is the millions digit of 2991240?
2
What is the tens digit of 65094918?
1
What is the hundred thousands digit of 210568506?
5
What is the ten millions digit of 40531620?
4
What is the ten millions digit of 558065155?
5
What is the millions digit of 301506192?
1
What is the ten millions digit of 5852799653?
5
What is the units digit of 57193601?
1
What is the hundred thousands digit of 19050336?
0
What is the hundred thousands digit of 2321744836?
7
What is the ten millions digit of 846983824?
4
What is the ten millions digit of 409265321?
0
What is the tens digit of 51280015?
1
What is the millions digit of 283318230?
3
What is the units digit of 18373199?
9
What is the tens digit of 62099096?
9
What is the units digit of 130813537?
7
What is the units digit of 242826260?
0
What is the tens digit of 170871460?
6
What is the millions digit of 3218320693?
8
What is the units digit of 1158899121?
1
What is the units digit of 315675837?
7
What is the units digit of 317297637?
7
What is the hundred millions digit of 603346784?
6
What is the millions digit of 5324604?
5
What is the hundred thousands digit of 138753321?
7
What is the hundred thousands digit of 90555378?
5
What is the thousands digit of 603337181?
7
What is the ten millions digit of 60919031?
6
What is the ten thousands digit of 822449285?
4
What is the thousands digit of 4694126?
4
What is the millions digit of 42510850?
2
What is the ten millions digit of 865166369?
6
What is the thousands digit of 1108961058?
1
What is the tens digit of 2252392182?
8
What is the tens digit of 76879344?
4
What is the ten thousands digit of 534588054?
8
What is the ten thousands digit of 16330400?
3
What is the hundreds digit of 163527361?
3
What is the tens digit of 8980872641?
4
What is the tens digit of 345786322?
2
What is the hundreds digit of 27533370?
3
What is the ten millions digit of 81811847?
8
What is the ten millions digit of 18807998?
1
What is the units digit of 357502027?
7
What is the ten thousands digit of 3249741?
4
What is the hundred millions digit of 1144631515?
1
What is the hundred thousands digit of 38629287?
6
What is the ten thousands digit of 694